 - -4?
1411130
In base 4, what is 312001020 + 2?
312001022
In base 9, what is 15 + 126888?
127014
In base 15, what is 11650 + 7?
11657
In base 8, what is 33 + -12610?
-12555
In base 12, what is 38b6 - 4?
38b2
In base 13, what is 4aa9b + 5?
4aaa3
In base 14, what is 62 + 972?
9d4
In base 16, what is -9 - -e1?
d8
In base 11, what is 17 - 20989?
-20972
In base 14, what is 0 - -c229?
c229
In base 9, what is -117411 + 3?
-117407
In base 10, what is -41 + 412?
371
In base 2, what is -10 + -110001000000110010?
-110001000000110100
In base 12, what is -1ab - -a6?
-105
In base 3, what is 11 + 12221112121?
12221112202
In base 16, what is 3 - 157d3?
-157d0
In base 9, what is -12264 - -8?
-12255
In base 6, what is 2311140 - 0?
2311140
In base 13, what is 5 - -738?
740
In base 15, what is -14 + -386a0?
-386b4
In base 2, what is -110110111111111011 + 1?
-110110111111111010
In base 13, what is 811 - 20?
7c1
In base 7, what is -1441253 - 4?
-1441260
In base 14, what is 4c2 - -1b?
4dd
In base 14, what is -9 - -12b6c?
12b63
In base 16, what is 1c0 + 8f?
24f
In base 2, what is -11 + -1001011001111111110?
-1001011010000000001
In base 8, what is -3 - 674447?
-674452
In base 6, what is 12514423 - -20?
12514443
In base 6, what is 11 - -2204023?
2204034
In base 7, what is -41665 - 65?
-42063
In base 13, what is 6 + -3049?
-3043
In base 6, what is -1015230 + -421?
-1020051
In base 6, what is 1555353 - -4?
1555401
In base 2, what is -1001101 + 1110110011011?
1110101001110
In base 15, what is e76 + 14?
e8a
In base 2, what is 111010 - -10001100000111111?
10001100001111001
In base 11, what is -5126 + 10?
-5116
In base 12, what is 5 - 6bb4?
-6bab
In base 12, what is 16 - 1a817?
-1a801
In base 9, what is -4 + -150820?
-150824
In base 4, what is 3 - -30031231?
30031300
In base 10, what is -187 + -79?
-266
In base 4, what is -32223133313 - -2?
-32223133311
In base 9, what is -1 - 6003?
-6004
In base 5, what is 1 - -122341?
122342
In base 9, what is 10325 - 20?
10305
In base 16, what is 1d3534 - 1?
1d3533
In base 14, what is 62 - c00?
-b7c
In base 8, what is -12 + 4553?
4541
In base 5, what is 10041 + 20211?
30302
In base 3, what is 0 - 221012010112?
-221012010112
In base 16, what is -4 + -38a9?
-38ad
In base 8, what is -20 + -45700?
-45720
In base 6, what is -23 - 153253?
-153320
In base 10, what is 11 - -3370?
3381
In base 5, what is 2033143 + 4?
2033202
In base 15, what is 15a7 - -1a?
15c2
In base 9, what is 8162 + 57?
8230
In base 2, what is 1 - 101010100100101?
-101010100100100
In base 7, what is -3436 + 3?
-3433
In base 7, what is 126251 - -41?
126322
In base 4, what is -13 - -212032?
212013
In base 11, what is -16 - -3a7?
391
In base 13, what is -132 - -4?
-12b
In base 3, what is -1111210020212 - -1?
-1111210020211
In base 12, what is 476b57 + -2?
476b55
In base 11, what is -25 - -2042?
2018
In base 16, what is 14a + 1a4?
2ee
In base 13, what is -2 + 40b2c?
40b2a
In base 7, what is 2200413 - -1?
2200414
In base 9, what is 233831 - -4?
233835
In base 9, what is -31085 + -7?
-31103
In base 5, what is -121 + 1012?
341
In base 6, what is 2430141 + -4?
2430133
In base 2, what is -1 - -10100001111000001000?
10100001111000000111
In base 13, what is -16ba2 - -3?
-16b9c
In base 11, what is 12 - -4813?
4825
In base 7, what is -1056 + -543?
-1632
In base 13, what is 5 - -3b799?
3b7a1
In base 14, what is -288a0 - -4?
-2889a
In base 7, what is 5 - -1210466?
1210504
In base 16, what is d22 + 6?
d28
In base 5, what is -2344 - -3412?
1013
In base 9, what is -268014 - 5?
-268020
In base 7, what is 2025 + -202?
1523
In base 8, what is -500350 + 3?
-500345
In base 2, what is 100 - -1101101101100110?
1101101101101010
In base 15, what is -c6 + -5?
-cb
In base 4, what is 31 - 3332101?
-3332010
In base 9, what is -2 - 517820?
-517822
In base 8, what is -5102 + 3?
-5077
In base 7, what is 4 - 2630651?
-2630644
In base 11, what is 5608 + -4?
5604
In base 3, what is -220210120220 - 11?
-220210121001
In base 4, what is 3231 - 3022?
203
In base 4, what is 32231000 - -200?
32231200
In base 6, what is 5 + 155451?
155500
In base 9, what is -2 + 20163?
20161
In base 4, what is 3012223123 + -3?
3012223120
In base 5, what is 1021224 - -141?
1021420
In base 10, what is -2144 - -51?
-2093
In base 6, what is -1350 + 22132?
20342
In base 4, what is -12110 - -2232?
-3212
In base 16, what is 1 - 2697d?
-2697c
In base 7, what is 1501504 - 3?
1501501
In base 7, what is 63013 - -66?
63112
In base 14, what is 9 - 2958?
-294d
In base 16, what is -3 - ccbad?
-ccbb0
In base 14, what is 9 - -7401b?
74026
In base 10, what is 3339 + -59?
3280
In base 14, what is -46 + 5709?
56a3
In base 14, what is -2b7c - 1c4?
-2d62
In base 8, what is 21 + 46717?
46740
In base 3, what is -1022021001 + 122?
-1022020102
In base 6, what is 35 + 3403343?
3403422
In base 13, what is -2335 - -41?
-22c4
In base 16, what is -236 - -910?
6da
In base 16, what is 12060 - 3e?
12022
In base 10, what is 13 - 190394?
-190381
In base 10, what is -14 - 59?
-73
In base 7, what is -16224 + 0?
-16224
In base 15, what is 3 + b7c0?
b7c3
In base 8, what is 246 - -11517?
11765
In base 16, what is 9304 + 8?
930c
In base 12, what is 9 - -155a5a?
155a67
In base 12, what is -3 - -93328?
93325
In base 6, what is 200554 + -201?
200353
In base 8, what is 1213 - -142?
1355
In base 14, what is 82 - -4d2b?
4dad
In base 14, what is -81 + -632?
-6b3
In base 6, what is 4211 - 32?
4135
In base 13, what is -13 + 670?
65a
In base 16, what is -5 - 8c3?
-8c8
In base 2, what is 101 - 101100001110001?
-101100001101100
In base 12, what is 102 - 1a8?
-a6
In base 10, what is -15 - 176?
-191
In base 6, what is -132550342 - -4?
-132550334
In base 9, what is -5 + 2060102?
2060086
In base 13, what is -8 - 3856?
-3861
In base 6, what is 140045 + 10?
140055
In base 7, what is 16632 - -233?
20165
In base 3, what is -2210102 - -1011220?
-1121112
In base 16, what is -bd3e - -3?
-bd3b
In base 15, what is -a1e8 + -3?
-a1eb
In base 11, what is -99 + 357?
269
In base 16, what is -d536 + 5?
-d531
In base 14, what is -1b - -661?
644
In base 13, what is -a9b + -a5b?
-1829
In base 2, what is -11 - 11111101111001?
-11111101111100
In base 11, what is -188aa3 + -5?
-188aa8
In base 15, what is -3 + -37493?
-37496
In base 13, what is -3a - -2a24?
29b7
In base 2, what is -1100000010010011011 + 0?
-1100000010010011011
In base 10, what is 2 + 1456608?
1456610
In base 15, what is aa + 164?
21e
In base 12, what is 2b4 - -153?
447
In base 10, what is -14 + 1091?
1077
In base 6, what is -3455 - 20?
-3515
In base 3, what is -1201111 + 10101201?
1200020
In base 6, what is 15001 - -104?
15105
In base 4, what is -12310 + -13302?
-32212
In base 7, what is 10541025 + -2?
10541023
In base 2, what is -1111011100011001000 - 1011?
-1111011100011010011
In base 14, what is -5a + -7bbd?
-7c39
In base 2, what is 1011 + -1000101110?
-1000100011
In base 14, what is 2025 - -5b?
2082
In base 9, what is -4 - -56507?
56503
In base 11, what is -60 + -60?
-110
In base 7, what is -213 + -144?
-360
In base 13, what is 823 + -6b?
785
In base 7, what is 12500 + 5?
12505
In base 2, what is 111000111000 - 110001?
111000000111
In base 3, what is -1212020 + -100210?
-2020000
In base 3, what is 2 + 22110011?
22110020
In base 6, what is -201 - -13031?
12430
In base 11, what is 57329 + -4?
57325
In base 11, what is -1a62a - 7?
-1a636
In base 11, what is 0 - -10820?
10820
In base 10, what is -16 + -4216?
-4232
In base 13, what is 1148 - -b8?
1233
In base 8, what is -106465 + -4?
-106471
In base 4, what is -11 - 12102301301?
-12102301312
In base 15, what is e55 + -32?
e23
In base 11, what is 4256 + -18?
4239
In base 11, what is 9 - -3411?
341a
In base 11, what is -a260 + 6?
-a255
In base 4, what is 102000 + 303?
102303
In base 8, what is -14602 + 14?
-14566
In base 4, what is -1 - 22132322?
-22132323
In base 11, what is 5 - 3223?
-3219
In base 3, what is 210111010022 - -10?
210111010102
In base 4, what is -2101123 - 31?
-2101220
In base 7, what is -3 + 1501606?
1501603
In base 5, what is 200242 + -4023?
141214
In base 6, what is 121 - 505?
-344
In base 8, what is 12 - 4253?
-4241
In base 10, what is 271 + -295?
-24
In base 14, what is 22209 + 1?
2220a
In base 4, what is 3 - 31221023?
-31221020
In base 9, what is -4 - -734533?
734528
In bas